 of p + (7 - 6/(-3))?
2
Let r be (90/(-21))/((-1)/7). Suppose x - r = -0*x. Suppose x = -0*g + 3*g. What is the units digit of g?
0
Let n(c) be the second derivative of -c**3/2 - c**2 - c. Suppose 4*z - 14 = -f - 2, f + 5*z - 16 = 0. What is the units digit of n(f)?
0
Let d = -74 - -143. What is the units digit of d?
9
Let v = -3 - -6. Suppose v*o - 5 = 2*r + 5, -r = -5*o + 19. Let x = r + 0. What is the units digit of x?
1
Let i(s) = -s + 2. Let j be i(14). What is the units digit of (-1)/(-2) - 78/j?
7
Let f = 10 - -10. Suppose -10 = -5*j + f. Suppose -j + 0 = -2*z + 4*y, -3*z + 9 = -2*y. What is the units digit of z?
3
Suppose 3*d = 6*d + 3*b + 9, 5*d + 3*b + 11 = 0. Let x be d + (2 - 2) + 1. Suppose x*f - 14 = -2*f. What is the units digit of f?
7
Suppose 3*z - 8 = 1. Let q be ((-3)/z - 0)*0. Suppose 2*i - 30 = -2*t - q*i, 5*t = 4*i + 75. What is the tens digit of t?
1
What is the units digit of ((-10)/(-15))/2*213?
1
Let v(s) = -4*s + s + 0*s + 1. Let f be (0 - 1)*(1 + 0). What is the units digit of v(f)?
4
Suppose 28 = -2*h - 2*h. What is the units digit of h/28 - 298/(-8)?
7
Suppose 0 = -c + 1 - 4. Let b(x) be the second derivative of -x**5/10 - 5*x**4/12 - x**3/3 + 2*x**2 + 3*x. What is the tens digit of b(c)?
1
Let t be (-2)/(0 + (-3)/6). What is the tens digit of 151/t + 10/40?
3
Let q(s) = -8*s**2 + 10*s**2 - 1 + 2*s - 2. What is the units digit of q(2)?
9
Let r = -8 + 8. Let a = 3 + r. What is the units digit of a?
3
What is the hundreds digit of (130 + 0)/(1/2)?
2
Suppose 3*k - k + 32 = -5*w, -3*w - 30 = 3*k. Let j = k + 11. What is the units digit of j?
5
Suppose -5*a + 0*a + 540 = 0. What is the tens digit of a?
0
Let n(s) be the third derivative of s**5/120 + s**4/24 - s**3/3 - s**2. Let d(o) be the first derivative of n(o). What is the units digit of d(3)?
4
Suppose -2*z + 63 = 3*d - 0*d, -5*z + 153 = 3*d. What is the units digit of z?
0
Let g(p) = -p**3 - 5*p**2 - 8*p + 4. Let b(f) = f**3 + 4*f**2 + 8*f - 4. Let m(y) = 3*b(y) + 4*g(y). What is the units digit of m(-7)?
1
Let d(h) = -h**3 - h**2 + 2*h + 9. What is the units digit of d(-4)?
9
Suppose -2*w = -8, 4*r + 24 = 3*w - w. Let v = -3 - r. What is the units digit of v?
1
Let g = 18 - 30. Let z = 8 + g. Let c(o) = -3*o + 1. What is the units digit of c(z)?
3
Let h be (-126)/(-8)*2*-2. Let w = -29 - h. What is the tens digit of w?
3
Let d(u) = -u**3 - 3*u**2 + 3*u + 5. Let t be d(-4). What is the units digit of t/3 + (-6)/(-2)?
6
Let t = 3 - 8. Let i(d) = d**3 + 4*d**2 - 8*d - 7. Let f be i(t). What is the units digit of 6/(2/f*6)?
4
Let x be 0/(-1)*(1 - 0). Suppose 0 = -x*q + 2*q - 32. What is the units digit of q?
6
Let a = 3 + -12. What is the units digit of (-6)/27 - 20/a?
2
Suppose 4*c - 3*h - 12 = 2*c, -h = -2*c + 12. What is the units digit of c?
6
Let u(a) = -a + 17. Let i be u(13). Suppose -6*m = -i*m - 36. What is the units digit of m?
8
Let j(t) = 7*t. Let r be j(2). Let v = r + 27. What is the units digit of v?
1
Suppose 12 = 4*j - 12. What is the units digit of j?
6
Let q(k) = k + 21. Let s be q(-11). Suppose -15 = -8*z + 3*z. Suppose 2*i + s = 5*d - 20, -z*i + 7 = -d. What is the units digit of d?
8
Suppose 0 = -w - b + 6, 2*w + 3*b = 3*w - 14. Suppose z - w = 1. What is the units digit of z?
9
Let v(a) = a**2 + a + 1. Let s be v(-1). Let y be ((-30)/(-5))/(-1 + 3). Let q = y + s. What is the units digit of q?
4
Let w be (-2 - -1)/((-6)/12). Let s(o) = o**3 + 7*o**2 + 8. Let k be s(-7). Suppose -k = -l - w. What is the units digit of l?
6
Let z = -5 + 10. Suppose z*n + 15 = f, -f + n - 5*n + 33 = 0. What is the tens digit of f?
2
Suppose -4*t = 16, -t + 68 = 4*y - 192. What is the units digit of y?
6
Suppose -9 = -x - 14. Let s(f) = 9*f - 2. Let a(z) = -3*z + 1. Let u(b) = -17*a(b) - 6*s(b). What is the tens digit of u(x)?
1
Let o(x) = -x**3 - x + 171. What is the hundreds digit of o(0)?
1
Suppose 3*q + 3*i - 14 = 19, 5*q - 5*i - 75 = 0. What is the units digit of q?
3
Let c be 600/42 - 4/14. Suppose 14 = -4*d - c. Let x = -4 - d. What is the units digit of x?
3
Suppose 0 = -0*h - h + n + 1, 5*n - 19 = -h. Suppose h*u = 96 + 152. Suppose -5 = 3*q - u. What is the units digit of q?
9
Suppose 13 = -2*l + 99. What is the units digit of l?
3
Let q = 5 + 2. Let p(x) = -x**2 + 10*x - 1. What is the units digit of p(q)?
0
Let x = -4 - -9. Suppose -x*d + 2*m - 3*m = 730, 2*d - 2*m + 292 = 0. What is the tens digit of (-2)/(-5) - d/10?
1
Suppose -84 = a + 2*a + 5*d, 3*d = -9. Let q = -22 - a. What is the units digit of q?
1
Let l(t) = -t**2 - 20*t - 10. Let w be l(-14). Let m = 126 - w. What is the tens digit of m?
5
Let j be 0*(-3 + 5/2). Suppose -5*t - 2 + 67 = j. What is the units digit of t?
3
Let k(r) = 7*r - r + 6 - r + 7*r + r**2. Let j be k(-11). What is the units digit of j/(-2)*48/40?
3
Let u(m) = 91*m**2 + 4*m - 3. What is the units digit of u(1)?
2
Let p = -9 + 2. Let l = p - -6. Let t = 5 - l. What is the units digit of t?
6
Suppose 0 = 4*a - 10 - 14. What is the units digit of a?
6
Let k = 17 + 37. What is the units digit of k?
4
Suppose -5*r + 2 + 18 = 0. Suppose r*x + 4*j = 24, -2*x + 2*j = -x - 6. Suppose -3*l + m = -2, -m = 5*l - 0*l - x. What is the units digit of l?
1
Let o = -1 + 9. Suppose -7*f + o = -3*f. Let h(k) = 6*k - 1. What is the units digit of h(f)?
1
Let h(j) = 3*j**2 - 11*j + 8. What is the units digit of h(8)?
2
Suppose -63 = t - 4*t. What is the tens digit of t?
2
Let b(f) = -f**2 + f + 3. Let c be b(0). Suppose -m = c*m. What is the units digit of (-3 + m)/((-2)/6)?
9
Suppose 0*o = -4*b + o + 14, 4*b - 22 = -3*o. Suppose 5*m - 117 = -2*n, -b*n + 92 = 4*m - 2*n. What is the tens digit of m?
2
Suppose 5*d + 17 = -13. Let y = d + 10. What is the units digit of y?
4
Suppose a - 169 = -3*x, 2*a - 4*a + 318 = x. What is the units digit of a?
7
Let x(v) be the second derivative of v**4/4 - v**3/6 - 3*v. Let k be x(-1). Suppose 0 = -5*w + 2*w - p + 24, -2*w = k*p - 26. What is the units digit of w?
7
Suppose 0 = 3*g - g - 4. Let u(y) = 0*y - 5*y + g*y + 2*y - 4. What is the units digit of u(-6)?
2
Let s = -5 + 5. Suppose 4*o - h + 2*h - 20 = s, -4*o + 4*h + 40 = 0. What is the units digit of o?
6
Suppose -1 = 2*c - 11. Let v = c + 7. What is the units digit of v?
2
Let p(s) = -s**3 - 7*s**2 + 8*s + 5. Let z be p(-8). Suppose 0*t = -t + z*d - 15, -3*d = t - 9. Let k = 3 + t. What is the units digit of k?
3
Let l = 75 - -82. What is the units digit of l?
7
Suppose -84 = -n - 3*n. Suppose 4*i - n = i. Let j = i + -3. What is the units digit of j?
4
Suppose 2*y - 129 = -y. What is the tens digit of y?
4
Suppose -g = -4 - 2. Suppose -v = g - 33. What is the units digit of v?
7
Let i(o) be the third derivative of o**6/120 - o**5/5 + o**4/8 + 5*o**3/2 + 6*o**2. What is the units digit of i(12)?
1
Let s(u) = u**2 + 3*u + 5. Suppose 4*y = 20 - 4. What is the tens digit of s(y)?
3
Let n(h) = 32*h. What is the tens digit of n(11)?
5
Let k = 5 - -5. Let c be (-4)/k - 4/(-10). Suppose -z = -c*z - 7. What is the units digit of z?
7
Let o(q) = q**3 - 4*q**2 - 4*q + 6. Let l be o(5). Suppose -r + 0*r + l = 0. What is the units digit of r?
1
Let a = 73 - 26. What is the units digit of a?
7
Let s(o) = o**2 + 0*o**2 - 28*o + 1 + 21*o. What is the units digit of s(8)?
9
Let r be (-16)/(-7) - 2/7. Suppose 4*v - r*i - 11 = i, 3*v - 27 = -4*i. What is the units digit of v?
5
Let w = -1 + 3. Let j(d) = -d + w + d**3 - 2 + d**2. What is the units digit of j(1)?
1
Let o = 3 - 1. Suppose o*j + 0 = 8. What is the units digit of j?
4
Let w = -156 + 648. Suppose 144 + w = 2*c. What is the units digit of 4/18 + c/27?
2
Let r(p) = -7*p + 2. Let y be r(6). What is the units digit of 2/7 + y/(-7)?
6
Let f be (-2)/(1 + 0) - -8. Suppose -f*q = -q - 35. What is the units digit of q?
7
Suppose -4*y + 1 = 13. Let k(o) = -o**3 + 2*o + 1. What is the units digit of k(y)?
2
Suppose -2*j + 8 = -62. What is the tens digit of j?
3
Let n be 17 + (1 - (-1 - -3)). Suppose 2*r = -2*c - 2 + n, c + 2 = -4*r. What is the tens digit of c?
1
Suppose 3*c + 2 = -y + c, -3*c - 3 = -y. Suppose -24 = -2*x + 4*j, -x + y*x - 8 = 2*j. What is the units digit of x?
2
Let o = 2 + -3. Let r(p) = -49*p**3 + 44*p**3 - p + 2*p. What is the units digit of r(o)?
4
Let h(s) = -s**3 - 9*s**2 - 3*s - 12. Wh